 p(-1). Suppose u*m + 4*m = 910. What is the remainder when m is divided by 47?
44
Let g = 187 - 159. Calculate the remainder when 195 is divided by g.
27
Suppose 36 = 4*z + 7*r - 8*r, -5*z = -5*r - 30. What is the remainder when 15 is divided by z?
5
Suppose 2*t - 26 = -d, 0*t = -5*t + d + 72. What is the remainder when 19 is divided by t?
5
Suppose -5*m + 2*k - 51 = 5*k, -m - 24 = -4*k. Let h = -8 - m. Calculate the remainder when 9 is divided by h.
1
Suppose -8*c = 3*g - 3*c - 296, -2*g + 239 = -5*c. What is the remainder when g is divided by 22?
19
Let k(j) be the second derivative of j**4/12 + j**3/3 + j**2 + 8*j. What is the remainder when k(3) is divided by 10?
7
Let r(i) = -i**2 - 27*i - 179. Suppose 2 = 4*q - 22. What is the remainder when q is divided by r(-13)?
0
Let w be (-32)/48 + (-283)/3. Let l = 139 + w. Calculate the remainder when l is divided by 15.
14
Let u(r) = -9*r**2 - 57*r - 5. What is the remainder when u(-6) is divided by 4?
1
Suppose 2*r + w = 153, 4*r - r = 4*w + 235. What is the remainder when 228 is divided by r?
74
Let g(s) = -4*s**2 - 117*s - 118. Suppose -5*b + 4*z - 6 = 5, -5*b = -5*z + 15. Calculate the remainder when g(-28) is divided by b/(-3) - 37/(-3).
10
Suppose -4*l = 4*b - 14912, -5*b - 11216 = -0*l - 3*l. Let c be 1/2 - l/(-24). Suppose 9*o + 3 = c. What is the remainder when o is divided by 10?
7
Let m be (-6)/10*30/(-9). Suppose -3*r + 21 = -m*b, 3*r + 2*b = -3 + 36. Let n(v) = v**2 - 4*v + 3. What is the remainder when n(7) is divided by r?
6
Let w(q) = q**2 + 16*q + 197. Calculate the remainder when w(-10) is divided by 56.
25
Let b be -1 - -19 - -3 - 1. Suppose 0 = 4*x + b, 0*d + 2*x = d - 25. What is the remainder when 29 is divided by d?
14
Suppose -5*x + 143 = f, 2*x + 3*x - 3*f = 131. Suppose 0 = 3*i - 3*q - 115 + x, 71 = 4*i + 5*q. Calculate the remainder when 45 is divided by i.
21
Let s = -21 - -57. Suppose -10 = -2*n, 2*j - s = -4*n - 4. Suppose 5*f - 8 = -4*l, j*l - 3*l + 5*f = 6. What is the remainder when 3 is divided by l?
1
Suppose 4*t - 141 - 75 = 0. Calculate the remainder when t is divided by 15.
9
Let f(q) = 17*q**2 - 2*q. What is the remainder when f(1) is divided by 14?
1
Suppose -11*b = -5*b. Suppose b*x = 4*x - 12. Suppose x*g + 2*g = 135. Calculate the remainder when g is divided by 14.
13
Let g(y) = 9*y + 5. Let l(m) = 10*m + 5. Let o(f) = 6*g(f) - 5*l(f). What is the remainder when o(8) is divided by 19?
18
Let b(q) = q**2 + q - 4. Suppose -4*j = 4*j + 24. Let i be b(j). Suppose -i*f + 10 = -16. What is the remainder when 36 is divided by f?
10
Suppose -2*p = -p. Suppose p = -2*s + 119 + 19. Calculate the remainder when s is divided by 18.
15
Let y(m) = -6*m - 43. Let b(o) = 3*o**2 + 2*o + 4. Let u(a) = a**2 - 1. Let t(d) = b(d) - 2*u(d). Calculate the remainder when t(-9) is divided by y(-13).
34
Let h = -132 + 145. What is the remainder when 181 is divided by h?
12
Suppose -3*x + 5*x = 220. Suppose q = -p + 14 + 11, 5*q = -2*p + x. Calculate the remainder when q is divided by 12.
8
Let u = -422 - -432. What is the remainder when 82 is divided by u?
2
Suppose 0*n = 3*n - 480. Suppose -337 = -14*g + 41. Calculate the remainder when n is divided by g.
25
Let k(t) = 6*t + 45. What is the remainder when 20 is divided by k(-5)?
5
Let f be -4*4/((-64)/484). Suppose -4*g - g = -4*d + f, 0 = -2*d + 3*g + 63. What is the remainder when d is divided by 7?
3
Let w be -55 + 5 - 4/(-2). Calculate the remainder when (-104)/w*6*1 is divided by 7.
6
Let r(w) = -10*w - 1. Let a = 97 - 71. Suppose -x = -a + 11. Calculate the remainder when r(-6) is divided by x.
14
Calculate the remainder when 118/1 - (-104 - -109) is divided by 29*(-1)/2*-2.
26
Let x = 808 - 558. What is the remainder when x is divided by 135?
115
Suppose -259 = 3*x - 313. What is the remainder when 29 is divided by x?
11
Suppose -q + c + 4 = -24, -252 = -9*q + 3*c. What is the remainder when 115 is divided by q?
3
Suppose 9*s - 160 = 29*s. Suppose 2 = 2*o - 10. Calculate the remainder when (27/(-12))/((-14)/s + -2) is divided by o.
3
Let f(x) = x**3 + 4*x + 54. What is the remainder when 176 is divided by f(0)?
14
Suppose -4*d = -2*q - 68 - 66, 0 = -4*d - 2*q + 154. Let w = 53 - d. Let s(k) = -48*k + 1. Calculate the remainder when s(-1) is divided by w.
15
Calculate the remainder when 988 is divided by ((-34)/(-153) - 35/9)*-15.
53
Let t(c) = c**3 + c**2 - 5*c + 1. Calculate the remainder when t(5) is divided by (-5)/((-45)/12)*24.
30
Let h = -3 + 3. Suppose 4 = z + z + 4*b, 5*z - 2*b - 10 = h. Suppose -p + z = 4, -c - p + 14 = 0. What is the remainder when 45 is divided by c?
13
Let k(z) = -z - 3. Let c be k(-4). Let o = 6 + c. Calculate the remainder when 27 is divided by o.
6
Suppose -16*b + 312 = -10*b. Suppose 0 = 4*h - b - 8. What is the remainder when 342/8 - (-1)/4 is divided by h?
13
Suppose 5*h + 1635 = 5*d, h = -3*d - 4*h + 981. Calculate the remainder when d is divided by 106.
9
Suppose 5*i + 2*c - 42 = 0, -3*c + 31 = 3*i + 13. Let s(r) = 4*r - 4. Calculate the remainder when s(8) is divided by i.
8
Suppose 17*u - 4187 = 2545. What is the remainder when u is divided by 101?
93
Suppose -187 = -5*q - 52. Suppose 4*p = -2*y + 20, 2*y - 4*p - 32 = 12. What is the remainder when q is divided by y?
11
Suppose 10*x - 9*x - 7 = 0. Calculate the remainder when -17*(-1 + 2)*-1 is divided by x.
3
Let i = 355 + -324. What is the remainder when 307 is divided by i?
28
Suppose k = 3*m - 235, 377 - 147 = 3*m + 4*k. What is the remainder when m is divided by 41?
37
Suppose 10 = -2*r, 181 = 5*b - 2*b + 4*r. Let c(n) = -n**3 + 6*n**2 - 5*n + 5. Calculate the remainder when b is divided by c(4).
16
Suppose 0 = 11*a - 29 - 26. Calculate the remainder when 12 is divided by a.
2
Let t = 186 + -104. What is the remainder when t is divided by 28?
26
Let b be (54/(-15) - -4)*5 + 29. Suppose b*g + 26 = 32*g. Calculate the remainder when (-2)/6 + (-452)/(-6) is divided by g.
23
What is the remainder when 63 is divided by 15*(2/10)/((-3)/(-6))?
3
Suppose 23*h + 351 = 32*h. What is the remainder when h is divided by 7?
4
Let f(w) = -w**3 + 16*w**2 - 23*w - 43. Calculate the remainder when f(13) is divided by 12.
9
Let f(y) = y**2 + 20*y + 39. What is the remainder when f(-20) is divided by 17?
5
Let w(y) = 4*y**2 - 2*y + 12. Calculate the remainder when w(0) is divided by (-18)/(-5) - (-4)/10.
0
Let m = -218 + 297. Calculate the remainder when 315 is divided by m.
78
Let s = 146 + -111. Calculate the remainder when s is divided by 3.
2
Let z = -31 - -62. Suppose 18*l + 62 = 206. What is the remainder when z is divided by l?
7
Calculate the remainder when -3 - -3 - -4 - (-306 + -3) is divided by 15.
13
Suppose -2*y + 3*z - 15 = 0, 0*z = y + 3*z - 15. Suppose y = 4*p + 5*j - 9, 2*j = 2*p - 13 - 5. Calculate the remainder when 14 is divided by p.
2
Let n = 36 + -23. Suppose -9*z = -447 - 237. Suppose z = -7*t + 9*t. Calculate the remainder when t is divided by n.
12
Suppose -v + 14*k - 12*k + 501 = 0, 2*v - 995 = -3*k. Calculate the remainder when v is divided by 84.
79
Suppose -2*u = 5*x - 319, 4*x - 2*u + 1 = 249. Suppose -2*w + 38 = 3*d, -3*w + x = d + 2*d. Calculate the remainder when w is divided by 6.
1
Let m = -24 - -47. Suppose -l + 3*j + 19 = 0, 4*l + 14 = 5*j + 83. Let y = l - 10. Calculate the remainder when m is divided by y.
5
Suppose 3*z = -7*g + 6*g + 224, -z = g - 72. What is the remainder when z is divided by 70?
6
Suppose 5*s + 3*q + 29 - 368 = 0, -71 = -s + q. What is the remainder when s is divided by 10?
9
Let x = 345 + -332. Calculate the remainder when 49 is divided by x.
10
Let o = 4 + 2. Let r = -123 - -122. Calculate the remainder when (-3 + (-75)/(-20))*(r + 13) is divided by o.
3
Suppose 3*r - 2*c = -3*c - 5, -3*r = -2*c + 8. Calculate the remainder when 1/r - 69/(-2) is divided by 14 + (-8 - -8) + -5.
7
Let r(q) = 3*q**2 - 3*q + 1. Let z be r(2). Let o = 12 - z. Suppose o*h = 30 + 40. Calculate the remainder when h is divided by 8.
6
Let g be 1/(-2 + -1)*27. Let i be (4 - 7)/(g/15). Suppose 0*t - 141 = -i*d + 3*t, -3*d + 3*t + 87 = 0. Calculate the remainder when d is divided by 7.
6
Let y = 5 - 57. Let g = 53 + y. Calculate the remainder when 0*(-2)/6 - -2 is divided by g.
0
Suppose 0 = t + g - 83, -2*g +